is 101100101011001100011110000 + -11?
101100101011001100011101101
In base 6, what is 3 + -3024525005?
-3024525002
In base 13, what is -9 + 3258a2b?
3258a22
In base 12, what is -3 + 2505745?
2505742
In base 7, what is 2214 + 15513?
21030
In base 10, what is 678582 - 455?
678127
In base 7, what is -25132 + 45245?
20113
In base 6, what is 302 + -132132430?
-132132124
In base 5, what is -3240210 - -2?
-3240203
In base 9, what is 136 + -54144?
-54007
In base 13, what is -77465a + 1a?
-774640
In base 9, what is -122850231 - -1?
-122850230
In base 13, what is 29 - b1435c?
-b14333
In base 14, what is 1 + -48c9a02?
-48c9a01
In base 11, what is -278 + -137345?
-137612
In base 8, what is 60547413 - -5?
60547420
In base 2, what is -101 - -1000001101111101100011?
1000001101111101011110
In base 3, what is -22001121222122020 + -10?
-22001121222122100
In base 12, what is -11b + 2516?
23b7
In base 9, what is -623138 - 113?
-623252
In base 7, what is 3 + -135431640?
-135431634
In base 11, what is -127081 - 386?
-127457
In base 4, what is -11332033300 - 213?
-11332100113
In base 3, what is 11022000020221022221 + 10?
11022000020221100001
In base 5, what is 23243214133 + 3?
23243214141
In base 14, what is -5 - 11ad58b9?
-11ad58c0
In base 5, what is -10030124020 - 24?
-10030124044
In base 11, what is -2271a - 121?
-22840
In base 8, what is -23 + -126362?
-126405
In base 6, what is 4 - -321043401?
321043405
In base 5, what is 203432 + -3310?
200122
In base 4, what is -2 - -3010211233030?
3010211233022
In base 15, what is 139 - 3b82e3?
-3b81a9
In base 11, what is -62257a + 34?
-622546
In base 4, what is -1 - -10023220102?
10023220101
In base 13, what is 108663 - -17?
10867a
In base 13, what is 5 - -286a98?
286aa0
In base 7, what is -2633 + -462606?
-465542
In base 7, what is 33162 - 36?
33123
In base 5, what is -4 + 4014204443?
4014204434
In base 6, what is 112151 - 10204?
101543
In base 10, what is 1632955 + -7?
1632948
In base 6, what is 13 - -32203001?
32203014
In base 10, what is -2087 - 2594?
-4681
In base 6, what is -341550303 - 13?
-341550320
In base 15, what is 4b9 - 604?
-13a
In base 9, what is -4374 - -2725?
-1548
In base 3, what is 1112101 - 2012021022?
-2010201221
In base 5, what is 1112340 - -1044203?
2212043
In base 3, what is 20000 + 211011202010?
211011222010
In base 5, what is -111021 - 30404?
-141430
In base 7, what is 2 + 1111224041?
1111224043
In base 3, what is 11201100 + 10122212?
22101012
In base 6, what is 102 + -421033?
-420531
In base 3, what is -11 - 202221221002210?
-202221221002221
In base 5, what is -10341331232 + -2?
-10341331234
In base 9, what is -2565 - 4867?
-7543
In base 13, what is -57a1969 - 6?
-57a1972
In base 13, what is 4 - -77602482?
77602486
In base 5, what is 1012324 + 10402?
1023231
In base 13, what is -c512 + 4b98?
-7647
In base 11, what is -8424 - 26977?
-342a0
In base 10, what is 7163 - 682?
6481
In base 6, what is 4155054 - -4?
4155102
In base 3, what is 112220200 + -22212111?
20001012
In base 13, what is -7 + 146789?
146782
In base 9, what is -48 + -3861434?
-3861483
In base 2, what is -10010011 + -1000111100110001011?
-1000111101000011110
In base 2, what is -100000011100110000011010001 + 100?
-100000011100110000011001101
In base 6, what is -1055214513 - -3?
-1055214510
In base 15, what is -3 - 1892d6e2?
-1892d6e5
In base 2, what is 101110100101001111001 - -11000?
101110100101010010001
In base 12, what is -391b2 + -5b?
-39251
In base 2, what is 1011011101100100101011 - 1?
1011011101100100101010
In base 7, what is -4 + 4461044?
4461040
In base 8, what is -1401645 - -2?
-1401643
In base 12, what is -558 - 7597?
-7b33
In base 6, what is -1204311 + 3?
-1204304
In base 10, what is 10 + -1319021?
-1319011
In base 10, what is 2 + 42279667?
42279669
In base 6, what is 3 - -4413143503?
4413143510
In base 8, what is 321 - -464460?
465001
In base 5, what is 2 - 4112032214?
-4112032212
In base 16, what is 217e45c + -4?
217e458
In base 12, what is -48 + -20b0039?
-20b0085
In base 3, what is 1011122222 - -12022202?
1100222201
In base 16, what is 4860614 + -3?
4860611
In base 15, what is -6 + e3d5a?
e3d54
In base 13, what is -30 + 42bbb?
42b8b
In base 15, what is -1c36 - -1c3?
-1a63
In base 14, what is 9b69 - a2?
9aa7
In base 2, what is -1010 - -1001011111111001001010?
1001011111111001000000
In base 6, what is -304 + -35250111?
-35250415
In base 3, what is 2002 + -101012000220001?
-101012000210222
In base 5, what is 203033440 - 102?
203033333
In base 2, what is -11110110111000010010 + 11110?
-11110110110111110100
In base 10, what is -35 + -87039?
-87074
In base 11, what is -8 - -8707264?
8707257
In base 5, what is 123332 - 2204214?
-2030332
In base 6, what is 5130241 + -45?
5130152
In base 9, what is -2 + -5230344?
-5230346
In base 15, what is -2 + 36e2b?
36e29
In base 13, what is -2089 + -17c4b?
-1a007
In base 11, what is -52538522 + -12?
-52538534
In base 5, what is -10010124 + 11?
-10010113
In base 15, what is -3b9e9 + 1?
-3b9e8
In base 9, what is -12316 + -161501?
-173817
In base 15, what is 1c88a8 + -1?
1c88a7
In base 7, what is -2 - 2135163151?
-2135163153
In base 2, what is -10101 - -110011011010010001111?
110011011010001111010
In base 3, what is -120 + 111110012211112?
111110012210222
In base 16, what is -7f1 + -1056?
-1847
In base 7, what is -1 + 144015045?
144015044
In base 2, what is 10 - -111101101111111001110011011?
111101101111111001110011101
In base 11, what is -1a + 10341557?
10341538
In base 11, what is -6495 - -949?
-5647
In base 7, what is 13545 - 2614?
10631
In base 11, what is -64a9a3a5 + -5?
-64a9a3aa
In base 12, what is -750 - -270492?
26b942
In base 16, what is -366 + -c689?
-c9ef
In base 11, what is 96362 + 264?
96616
In base 7, what is -4 - -15030262?
15030255
In base 10, what is -530097 - -1093?
-529004
In base 12, what is 9 + -150ab17?
-150ab0a
In base 6, what is 12345 + -102004?
-45215
In base 13, what is -3 - -468c6a?
468c67
In base 16, what is -112 + 49ece?
49dbc
In base 15, what is -9543b5 + -25?
-9543da
In base 4, what is 320123033222123 + -11?
320123033222112
In base 13, what is 37 + -69a48?
-69a11
In base 2, what is -11100111 + 111010111110101111?
111010111011001000
In base 7, what is -4013 + -1153?
-5166
In base 10, what is 10 + -425632?
-425622
In base 12, what is 4ab1 - 1030a?
-7419
In base 7, what is 45 + 113052052?
113052130
In base 5, what is 434 + -33340333?
-33334344
In base 2, what is -1010100101010011010011001111 - -100?
-1010100101010011010011001011
In base 3, what is 200201001020122 + -2?
200201001020120
In base 10, what is -22 + -6338565?
-6338587
In base 8, what is -2057 - -1643522?
1641443
In base 5, what is 4024 - 414121?
-410042
In base 7, what is -6 - -155152530?
155152521
In base 13, what is 10 - 1407365?
-1407355
In base 6, what is 251305 + 222?
251531
In base 10, what is 35469 - 2747?
32722
In base 14, what is 3dd3 + 57241?
5b234
In base 9, what is 4337 + -6537?
-2200
In base 11, what is -195a621 - -78?
-195a554
In base 6, what is 333 + 5421123?
5421500
In base 16, what is -2 + -81f0f6?
-81f0f8
In base 15, what is 184 + -be6?
-a62
In base 2, what is -1010101000011111111110 - -10100000?
-1010101000011101011110
In base 10, what is 9086912 - -3?
9086915
In base 12, what is -2aa + 34512?
34224
In base 6, what is 4 - 1052140340?
-1052140332
In base 2, what is -110100010101000 + 11111?
-110100010001001
In base 12, what is 808739 - 2a?
80870b
In base 8, what is -414 + -45072?
-45506
In base 15, what is 5 + 4e4c71?
4e4c76
In base 16, what is -5 + 27f17bd?
27f17b8
In base 12, what is 1830 - 35114?
-334a4
In base 8, what is -3024556256 - -1?
-3024556255
In base 10, what is -5102 + -7485?
-12587
In base 11, what is 5348 - -7356?
116a3
In base 11, what is 3 - -22531738?
22531740
In base 16, what is 4 + 1ddf9bc?
1ddf9c0
In base 13, what is -14534 - -4a47?
-c7ba
In base 11, what is 38 + a24415?
a24452
In base 15, what is 158896c + 3?
1588970
In base 7, what is -1122361045 + -25?
-1122361103
In base 4, what is 10233213311331 - -10?
10233213312001
In base 12, what is 468015 + 77a?
468793
In base 14, what is -11 - -30785?
30774
In base 9, what is -3 - -1375631?
1375627
In base 16, what is 11d + -c227?
-c10a
In base 6, what is -24334 + 313335?
245001
In base 12, what is -45 - -29ab7?
29a72
